f 1348668091?
9
What is the units digit of 1240805912?
2
What is the ten thousands digit of 400391439?
9
What is the hundreds digit of 7662321?
3
What is the thousands digit of 77743907?
3
What is the millions digit of 435124123?
5
What is the ten thousands digit of 626119?
2
What is the tens digit of 151507744?
4
What is the units digit of 677846817?
7
What is the hundred millions digit of 175345402?
1
What is the thousands digit of 1588818884?
8
What is the hundred thousands digit of 64918896?
9
What is the ten thousands digit of 64882961?
8
What is the millions digit of 372850162?
2
What is the units digit of 86512040?
0
What is the hundreds digit of 26252687?
6
What is the thousands digit of 332917907?
7
What is the ten millions digit of 202657826?
0
What is the tens digit of 133228954?
5
What is the units digit of 54379140?
0
What is the hundred thousands digit of 143274295?
2
What is the millions digit of 204574907?
4
What is the ten millions digit of 195620142?
9
What is the tens digit of 9084183?
8
What is the hundreds digit of 311206765?
7
What is the hundreds digit of 3582187387?
3
What is the millions digit of 43505438?
3
What is the hundred thousands digit of 262615075?
6
What is the hundred millions digit of 1412763981?
4
What is the hundred thousands digit of 92228648?
2
What is the millions digit of 520121803?
0
What is the ten thousands digit of 2003316678?
1
What is the millions digit of 25334367?
5
What is the billions digit of 4435816966?
4
What is the millions digit of 48398674?
8
What is the millions digit of 112079975?
2
What is the hundreds digit of 45138464?
4
What is the millions digit of 5376418850?
6
What is the units digit of 31177429?
9
What is the hundred thousands digit of 44296100?
2
What is the hundred millions digit of 254753145?
2
What is the units digit of 32914187?
7
What is the hundreds digit of 77017825?
8
What is the ten thousands digit of 57698255?
9
What is the thousands digit of 284092290?
2
What is the hundred millions digit of 118738930?
1
What is the ten thousands digit of 71310986?
1
What is the hundred thousands digit of 1282134154?
1
What is the thousands digit of 129991612?
1
What is the ten thousands digit of 1302329860?
2
What is the ten millions digit of 309517141?
0
What is the hundred thousands digit of 1230270914?
2
What is the tens digit of 5634219783?
8
What is the tens digit of 62280297?
9
What is the thousands digit of 32506708?
6
What is the ten thousands digit of 43798513?
9
What is the hundreds digit of 317100307?
3
What is the billions digit of 2803834287?
2
What is the hundred millions digit of 174567464?
1
What is the units digit of 20552416?
6
What is the millions digit of 274847362?
4
What is the ten thousands digit of 83849120?
4
What is the hundreds digit of 47366009?
0
What is the thousands digit of 49376458?
6
What is the hundred thousands digit of 46746542?
7
What is the ten millions digit of 38099896?
3
What is the thousands digit of 119820275?
0
What is the ten millions digit of 1711764038?
1
What is the ten millions digit of 424691226?
2
What is the billions digit of 2265381197?
2
What is the billions digit of 1676899069?
1
What is the ten millions digit of 61117075?
6
What is the hundred thousands digit of 224966976?
9
What is the hundred thousands digit of 741874?
7
What is the ten thousands digit of 356605266?
0
What is the tens digit of 44869287?
8
What is the hundred thousands digit of 26559854?
5
What is the ten thousands digit of 1385022852?
2
What is the millions digit of 149981695?
9
What is the thousands digit of 872970894?
0
What is the ten millions digit of 129674110?
2
What is the thousands digit of 559900669?
0
What is the tens digit of 4183031541?
4
What is the thousands digit of 84535836?
5
What is the tens digit of 66016971?
7
What is the millions digit of 566339644?
6
What is the hundred millions digit of 2654871945?
6
What is the hundred thousands digit of 158245181?
2
What is the ten millions digit of 121577425?
2
What is the ten thousands digit of 491644450?
4
What is the millions digit of 56463642?
6
What is the tens digit of 3854803992?
9
What is the hundred thousands digit of 1045903035?
9
What is the units digit of 71010701?
1
What is the millions digit of 56527626?
6
What is the units digit of 25443745?
5
What is the hundred millions digit of 214212710?
2
What is the hundred thousands digit of 62853080?
8
What is the tens digit of 174560260?
6
What is the hundred thousands digit of 247534232?
5
What is the thousands digit of 1936719793?
9
What is the hundred thousands digit of 6897080?
8
What is the ten millions digit of 1148339774?
4
What is the units digit of 240876090?
0
What is the ten thousands digit of 100897453?
9
What is the hundreds digit of 2343995933?
9
What is the thousands digit of 6433894436?
4
What is the ten thousands digit of 15695619?
9
What is the tens digit of 22813736?
3
What is the hundred millions digit of 1314661075?
3
What is the millions digit of 1053117478?
3
What is the hundred millions digit of 2698586860?
6
What is the billions digit of 3996113935?
3
What is the units digit of 409111056?
6
What is the millions digit of 104662702?
4
What is the units digit of 20482591?
1
What is the ten thousands digit of 77239308?
3
What is the tens digit of 132625681?
8
What is the ten millions digit of 64122476?
6
What is the ten millions digit of 317218171?
1
What is the units digit of 196000152?
2
What is the ten thousands digit of 822958560?
5
What is the ten thousands digit of 511931585?
3
What is the millions digit of 44872778?
4
What is the hundred thousands digit of 175378671?
3
What is the hundred thousands digit of 56256371?
2
What is the ten thousands digit of 38004038?
0
What is the hundreds digit of 1314236724?
7
What is the thousands digit of 396605555?
5
What is the hundred millions digit of 1081230141?
0
What is the units digit of 848184?
4
What is the ten thousands digit of 36535029?
3
What is the thousands digit of 993776702?
6
What is the hundred thousands digit of 120134946?
1
What is the hundred thousands digit of 17521872?
5
What is the tens digit of 18964066?
6
What is the millions digit of 5276018264?
6
What is the thousands digit of 899747779?
7
What is the hundred millions digit of 462891919?
4
What is the hundred thousands digit of 1836527572?
5
What is the tens digit of 3523657065?
6
What is the ten thousands digit of 21958709?
5
What is the hundred thousands digit of 115753570?
7
What is the tens digit of 18339765?
6
What is the tens digit of 4541490366?
6
What is the ten thousands digit of 3509158848?
5
What is the ten millions digit of 9278853940?
7
What is the hundred millions digit of 1996484801?
9
What is the thousands digit of 11519731?
9
What is the units digit of 43420168?
8
What is the ten millions digit of 1245061612?
4
What is the hundred thousands digit of 534090528?
0
What is the tens digit of 433559076?
7
What is the units digit of 356675157?
7
What is the ten millions digit of 243428725?
4
What is the hundred millions digit of 228679164?
2
What is the millions digit of 113015514?
3
What is the units digit of 247652919?
9
What is the hundreds digit of 103636042?
0
What is the units digit of 419916727?
7
What is the hundreds digit of 70611430?
4
What is the hundred thousands digit of 235935164?
9
What is the millions digit of 2084959779?
4
What is the hundred millions digit of 1075304060?
0
What is the hundred millions digit of 409530153?
4
What is the ten thousands digit of 4172667426?
6
What is the ten millions digit of 1114643603?
1
What is the hundred millions digit of 135769739?
1
What is the hundreds digit of 602400560?
5
What is the hundred thousands digit of 383389540?
3
What is the units digit of 122453908?
8
What is the hundred thousands digit of 70554817?
5
What is the ten thousands digit of 2625808170?
0
What is the millions digit of 114913918?
4
What is the hundred thousands digit of 300603180?
6
What is the hundreds digit of 182070396?
3
What is the units digit of 59962402?
2
What is the millions digit of 110915439?
0
What is the hundreds digit of 1181020965?
9
What is the billions digit of 3401667098?
3
What is the ten thousands digit of 3463045511?
4
What is the hundr